-211)). Let m = -28 + h. Suppose 18*q = m*q + 2217. Is q a composite number?
False
Is (100/(-30))/10*-38463 prime?
True
Suppose -2*c = t - 2028, 4*c + 21*t - 4060 = 17*t. Let s = c - -1478. Is s prime?
False
Let m(g) = -4670*g - 3147. Is m(-56) a composite number?
False
Let l be 9/(-18) + (-1)/(-2). Let z be (-71 + -5)*(-10)/8. Suppose d + 4*q - z = l, 231 - 2 = 3*d - 2*q. Is d a composite number?
False
Let x(j) = -275*j - 94. Let h be x(-7). Suppose 0 = 4*o - h - 133. Is o a composite number?
False
Let i(f) be the third derivative of -f**6/24 - 7*f**5/60 - f**4/6 + 11*f**3/6 + 94*f**2. Is i(-13) prime?
False
Let p = -250 - -253. Suppose -2*m - m = 6, q + p*m - 4321 = 0. Is q prime?
True
Let z be 36/(-48) - 4351/(-4). Let p = -626 + z. Let k = p - -1350. Is k a composite number?
False
Let g = 91 + -121. Is 350532/120 + 3/g a composite number?
True
Let b = 26 - 30. Let d be (1239/b)/((-1)/4). Let t = -52 + d. Is t prime?
True
Suppose -10 = 8*x - 13*x. Suppose -6*s = -4*s + x*s. Suppose -3*a + 4*l + 10977 = s, -5*a + l = -29843 + 11548. Is a a composite number?
False
Suppose -4*c - g = 16 + 4, -4*c = 4*g + 32. Is (-14963)/c - 357/204 composite?
False
Suppose -4*f = -5*t - 753345 - 504823, 4*t + 629090 = 2*f. Is f a composite number?
True
Let d be (5*-1120 - 4) + -2. Let a = d - -10286. Suppose 2*l - 2542 = a. Is l composite?
True
Let h = 2438528 - 1718779. Is h prime?
True
Suppose -7*g + 6*g = 628. Let a = g - -2969. Suppose -t + 0*t + 3*r + 574 = 0, 0 = 4*t + 3*r - a. Is t a prime number?
False
Let h(b) be the third derivative of 11*b**7/1008 + 17*b**6/720 - b**5/6 - 2*b**2. Let i(q) be the third derivative of h(q). Is i(14) composite?
False
Let v = 48 - 47. Suppose -b - v = -4, -3*o - 3*b = 5922. Let c = 4634 + o. Is c a prime number?
True
Let q(v) = v**2 - 23*v + 33. Let i be q(23). Suppose 22*h = i*h - 67903. Is h a composite number?
False
Suppose -15*w + 8*w - 4487 = 0. Let k = -139 - w. Is k prime?
False
Let x(h) = 99*h**2 + 1 + 1 - 32*h**2 - 3*h. Let u be x(-3). Suppose u = -2*c + 4*c. Is c a prime number?
True
Let t = 418281 - 247494. Is t a composite number?
True
Let t = 160 + -155. Suppose 0 = -3*f - t*y + 9*y + 54969, 9 = -3*y. Is f prime?
False
Let h = 799 - 2421. Suppose 4*t + 3*c + 0*c - 11923 = 0, 0 = -3*t + 3*c + 8958. Let n = t + h. Is n composite?
False
Let v(u) = 127*u**3 - u**2 - 3. Suppose -5 = 5*k, 5*k + 3 = -3*p - 11. Let h be (-70)/(-14) - 9/(p/(-1)). Is v(h) a composite number?
False
Let w(h) = 4*h + 64. Let t be w(-14). Is 789*(1/(-3) + 8/t) composite?
True
Let m(z) = -81475*z + 618. Is m(-5) prime?
True
Suppose -58*b = -67*b - 306. Let a(r) = -r**3 - 34*r**2 + 59. Is a(b) prime?
True
Let o(q) = -q**3 - 2*q**2 - 4*q - 4. Let s = -132 + 130. Let t be o(s). Suppose 2*b - 2*n + n - 3503 = 0, -t*n - 6996 = -4*b. Is b composite?
True
Let h = 72 + -69. Suppose -2*v = 3*r + v - 1890, 0 = h*r - 2*v - 1885. Is r composite?
True
Let z(c) = 7*c + 40. Let m be z(-4). Suppose -m*k = -721 - 2867. Is k a prime number?
False
Suppose -3*g + 2*g + 4435 = 5*f, -f = 4*g - 17759. Let l = g + -801. Suppose 0 = 18*o - 21*o + l. Is o a composite number?
False
Let y = -41 + 46. Suppose -2*a = -4*x - 87 - 99, 0 = y*x - 5. Let q = a + -6. Is q prime?
True
Let b be (12/(-3) - 6)*1/(-2). Suppose -b*y - 184 = -6*y + 5*l, 3*y - 5*l = 582. Is y a prime number?
True
Let v be ((30778/(-4))/((-2)/4))/1. Suppose 12*u - u = v. Is u a composite number?
False
Let t be 149/3 + -11*(-6)/198. Suppose 58*h - 3256 = t*h. Is h prime?
False
Suppose 0 = -5*l + 19 - 39. Let t be ((-72)/(-5))/l*40/12. Is (-2 + 1148)/(t/(-16)) + -1 a prime number?
False
Let t be (0 - -1) + 12/16*20. Let a be 2/t - (-9826)/(-16). Is 10/(-4)*a/5 a composite number?
False
Is (-84)/378 + (-66899)/(-9) composite?
False
Let d = 466385 + -282948. Is d prime?
True
Let o(s) = 29*s**2 - 4*s + 12. Let w = 54 + -49. Let c be -32*1/w + (-27)/45. Is o(c) a composite number?
True
Let k(w) = 2*w**2 - 100*w - 431. Is k(75) prime?
True
Suppose -3*s - 1240 = s. Let l = 1158 + -721. Let c = s + l. Is c a composite number?
False
Suppose 2*v = 111*i - 116*i + 14434, 0 = -2*v + 3*i + 14434. Is v a composite number?
True
Let w(a) = 2354*a**2 - 21*a - 81. Is w(-4) a prime number?
False
Let u be 0 - ((6 - (-2 + 4)) + -75). Suppose 0 = u*s - 55*s - 195824. Is s a prime number?
True
Let u(z) = 5*z**2 + 22*z - 6. Let t = -89 - -60. Is u(t) composite?
True
Suppose 96 = -7*a - 58. Is (0/(-2) + -1)*85954/a prime?
True
Let c(b) = 285*b**2 - 126*b - 5531. Is c(-40) prime?
False
Suppose 2*q = s - 1, 4*q + 2*s - 12 = 3*q. Suppose q*t = 4*t + 156. Let g = t + 1021. Is g composite?
True
Let j(d) = -4*d**2 - 2*d + 1. Let p be j(10). Let u = p + 2868. Is u prime?
False
Let m be (-450)/12*468/(-3). Suppose b = 6*b - m. Let d = b - 701. Is d composite?
True
Let n(p) = p**3 + p**2 + p + 2. Let a be n(0). Suppose 0 = -4*m - 16, 4*r - 3*r - a*m - 165 = 0. Suppose -2*o = -w - 718, 5*w - 1265 - r = -4*o. Is o prime?
False
Let v(t) be the first derivative of 33/2*t**4 + 0*t**3 - 5/2*t**2 + 3*t - 12. Is v(2) composite?
False
Suppose 0 = -17*j + 43*j - 52. Suppose 13 - 15 = -j*i, 3200 = 4*n + 4*i. Is n a prime number?
False
Let w = -23 + 103. Let o = w + -77. Suppose o*x = -x - 4*n + 724, 4*n + 878 = 5*x. Is x prime?
False
Let y(l) = -2*l**3 + 19*l**2 - 6*l - 20. Let p be y(9). Let g be (-1)/p - (-394)/14. Suppose -b = h - 361, 4*h + g - 1468 = -5*b. Is h prime?
False
Let q(f) = 671*f**2 - 27*f + 199. Is q(11) a prime number?
False
Suppose 122*l - 133*l = -3203299. Is l a prime number?
True
Let g = -4063 - -977. Let w = g - -7723. Is w prime?
True
Let a(g) = 5992*g**2 - 17*g - 83. Is a(8) a prime number?
False
Let h(s) = -s**3 - 5*s**2 - 8*s - 2. Let v be h(-3). Suppose 0 = -4*w - 4*k + 20, -w + 1 + 10 = v*k. Suppose -w*p - 962 = -5*p. Is p prime?
False
Let d(m) = -454*m**3 - 9*m**2 - 5*m + 114. Let g be d(-11). Suppose 22*u = 25*u - 5*y - 362008, y = 5*u - g. Is u prime?
True
Suppose 1 = 4*j - 11. Suppose 568 = j*c + c + 2*s, 4*c - 556 = s. Let k = 693 - c. Is k a composite number?
True
Let x(r) = 760*r + 801. Is x(58) a prime number?
False
Let p = 25 + -23. Suppose 3*v - 5 = -p. Is 265 - (v + 1/1) composite?
False
Let n(c) = 256*c + 63. Let s(i) = -258*i - 63. Let w(f) = 5*n(f) + 6*s(f). Is w(-11) a prime number?
False
Let y(a) be the third derivative of a**6/30 + a**5/60 - 13*a**3/6 - 19*a**2. Let c(g) be the first derivative of y(g). Is c(1) a composite number?
True
Let z = 24788 - -28773. Is z a prime number?
False
Suppose -4*a + 1409 = -5*y + 7176, 0 = -5*y - a + 5752. Is y prime?
True
Let j(p) = -p**3 - 14*p**2 + p + 20. Let w be (-744)/54 + (-4)/18. Let r be j(w). Is r/10 - 151040/(-100) a prime number?
True
Let l = -122974 - -204027. Is l a composite number?
True
Let d(h) = 3*h**3 + 7*h**2 - 4*h - 1. Let o be d(3). Suppose -o*w + 132*w = 9293. Is w prime?
True
Let b = -117 - -117. Suppose b = -4*w + 1617 + 1531. Is w composite?
False
Suppose -3*x + 3*w = -270891, w - 180606 = -195*x + 193*x. Is x a composite number?
True
Suppose 5*t - 2*d = t + 627980, -5*d + 627966 = 4*t. Is t composite?
True
Suppose -11325 = p + 7*k - 3*k, -3*p - 33924 = -5*k. Let m = p + 16166. Is m a prime number?
False
Suppose 0 = 60*w - 1624911 - 1313109. Is w prime?
False
Let d(p) = -81*p**3 - 10*p**2 + 2*p - 10. Let h(c) = -81*c**3 - 8*c**2 + 2*c - 9. Let b(f) = -5*d(f) + 6*h(f). Is b(-3) a composite number?
True
Let k(m) = 54 - 493*m**2 + 14 - 3*m**3 + 36*m + 481*m**2 + 2*m**3. Is k(-23) a composite number?
False
Let z = 51 - 51. Suppose -33*a + 37*a + 28 = z. Is a/(-21) + 15082/6 + -1 a composite number?
True
Suppose -3*x + 9*x - 200745 = 28569. Is x a prime number?
True
Let x(h) = h**3 + 22*h**2 - 25*h - 44. Let r be x(-23). Suppose -6815 = -5*d + r*i, d = 3*i - 2*i + 1366. Is d a prime number?
True
Suppose -50 + 58 = 2*f. Suppose -6*z + 4*z = -2*b + 2180, 0 = -f*b + z + 4351. Is b a composite number?
False
Suppose -4*y - 5*k + 28 = 121, 0 = -4*y + 4*k - 120. Let b be ((-1)/6*-2372)/(2/y). Is -2*(b/6 + -2 + 0) a composite number?
False
Let r = 134744 + 85977. Is r a composite number?
False
Suppose 5*a - 10*c + 16*c = 1150489, -920360 = -4*a + 3*c. Is a a composite number?
True
Suppose -572*y + 228*y + 418929380 = 284*y. Is y a composite number